37944?
2
What is the ten thousands digit of 4519258?
1
What is the thousands digit of 713469770?
9
What is the ten millions digit of 97212175?
9
What is the millions digit of 840597584?
0
What is the thousands digit of 3844433864?
3
What is the thousands digit of 7339204?
9
What is the units digit of 103271150?
0
What is the units digit of 17167530?
0
What is the hundred thousands digit of 139928632?
9
What is the ten thousands digit of 48540808?
4
What is the thousands digit of 16794682?
4
What is the hundred thousands digit of 476086579?
0
What is the ten thousands digit of 601609606?
0
What is the hundred thousands digit of 53414445?
4
What is the hundred millions digit of 109568413?
1
What is the millions digit of 3016779312?
6
What is the tens digit of 1349855907?
0
What is the hundred thousands digit of 847078469?
0
What is the thousands digit of 288633316?
3
What is the thousands digit of 1466767506?
7
What is the billions digit of 1116234064?
1
What is the thousands digit of 139013755?
3
What is the thousands digit of 254450181?
0
What is the thousands digit of 966603466?
3
What is the hundred millions digit of 5588576304?
5
What is the ten millions digit of 117992420?
1
What is the tens digit of 3088201626?
2
What is the hundred millions digit of 4028942508?
0
What is the ten thousands digit of 330791035?
9
What is the units digit of 3080343980?
0
What is the millions digit of 98983541?
8
What is the ten millions digit of 417149597?
1
What is the ten millions digit of 215451004?
1
What is the hundred thousands digit of 713930771?
9
What is the hundred millions digit of 1338665437?
3
What is the millions digit of 1145247776?
5
What is the millions digit of 66356702?
6
What is the hundred thousands digit of 1492341627?
3
What is the hundred thousands digit of 314601255?
6
What is the hundred thousands digit of 722736255?
7
What is the units digit of 1810533999?
9
What is the tens digit of 1606791482?
8
What is the ten thousands digit of 252344735?
4
What is the thousands digit of 4248337566?
7
What is the billions digit of 1407656257?
1
What is the millions digit of 1069598120?
9
What is the units digit of 75548523?
3
What is the ten millions digit of 13335556?
1
What is the ten millions digit of 2272559885?
7
What is the ten millions digit of 22346320?
2
What is the hundred thousands digit of 4256825374?
8
What is the hundred thousands digit of 29585517?
5
What is the hundred millions digit of 2464936977?
4
What is the tens digit of 24871446?
4
What is the hundred thousands digit of 1148793000?
7
What is the thousands digit of 246890226?
0
What is the billions digit of 4924174082?
4
What is the units digit of 97442748?
8
What is the tens digit of 927044073?
7
What is the thousands digit of 372469788?
9
What is the hundreds digit of 18576920?
9
What is the ten millions digit of 12350959?
1
What is the hundred millions digit of 991699334?
9
What is the thousands digit of 157066081?
6
What is the units digit of 64291067?
7
What is the millions digit of 776387175?
6
What is the hundred thousands digit of 97398309?
3
What is the ten thousands digit of 540610076?
1
What is the ten millions digit of 73526328?
7
What is the units digit of 161923725?
5
What is the billions digit of 2954422849?
2
What is the ten thousands digit of 1324808516?
0
What is the thousands digit of 132986690?
6
What is the millions digit of 119143776?
9
What is the ten thousands digit of 83185989?
8
What is the units digit of 586832404?
4
What is the ten millions digit of 1154122119?
5
What is the hundred thousands digit of 267890795?
8
What is the hundred millions digit of 293845117?
2
What is the ten millions digit of 1525123571?
2
What is the millions digit of 90826871?
0
What is the millions digit of 109135299?
9
What is the ten thousands digit of 1514708648?
0
What is the hundreds digit of 63356264?
2
What is the hundreds digit of 54339763?
7
What is the hundred thousands digit of 1081253893?
2
What is the ten millions digit of 480870874?
8
What is the hundred millions digit of 1900695943?
9
What is the hundreds digit of 900695659?
6
What is the ten thousands digit of 42478858?
7
What is the hundred thousands digit of 311332801?
3
What is the millions digit of 251948117?
1
What is the ten thousands digit of 183522852?
2
What is the ten millions digit of 38078237?
3
What is the ten thousands digit of 22548711?
4
What is the hundreds digit of 128049101?
1
What is the hundred thousands digit of 2044692948?
6
What is the thousands digit of 93087838?
7
What is the ten millions digit of 6167939544?
6
What is the hundred thousands digit of 214527536?
5
What is the units digit of 16986769?
9
What is the ten millions digit of 84076250?
8
What is the hundreds digit of 507634571?
5
What is the ten millions digit of 83564934?
8
What is the tens digit of 46022170?
7
What is the units digit of 689571906?
6
What is the ten millions digit of 53326166?
5
What is the ten thousands digit of 53768173?
6
What is the hundred thousands digit of 362799657?
7
What is the hundreds digit of 6399936882?
8
What is the ten millions digit of 732533591?
3
What is the units digit of 217093276?
6
What is the ten millions digit of 67223335?
6
What is the ten millions digit of 13914626?
1
What is the ten millions digit of 5435713956?
3
What is the ten millions digit of 570603726?
7
What is the units digit of 2302912440?
0
What is the ten thousands digit of 149409395?
0
What is the units digit of 7940422?
2
What is the units digit of 38592047?
7
What is the tens digit of 42762197?
9
What is the tens digit of 63188316?
1
What is the ten millions digit of 1567458142?
6
What is the thousands digit of 584612253?
2
What is the units digit of 4103257993?
3
What is the units digit of 3703024043?
3
What is the hundreds digit of 81417361?
3
What is the units digit of 98679685?
5
What is the ten millions digit of 218587749?
1
What is the ten thousands digit of 82907407?
0
What is the ten millions digit of 6227061748?
2
What is the units digit of 45570396?
6
What is the thousands digit of 136147748?
7
What is the tens digit of 179907226?
2
What is the millions digit of 99115706?
9
What is the hundred thousands digit of 101681884?
6
What is the thousands digit of 52471904?
1
What is the hundred millions digit of 110847812?
1
What is the tens digit of 2492063?
6
What is the hundreds digit of 57295827?
8
What is the hundred thousands digit of 29774288?
7
What is the ten millions digit of 2446110848?
4
What is the millions digit of 34436044?
4
What is the thousands digit of 2498114964?
4
What is the hundred millions digit of 630385395?
6
What is the ten millions digit of 201559961?
0
What is the units digit of 342659359?
9
What is the thousands digit of 1772349186?
9
What is the hundreds digit of 897637639?
6
What is the millions digit of 804826609?
4
What is the ten thousands digit of 307363344?
6
What is the hundreds digit of 930988244?
2
What is the billions digit of 3329061704?
3
What is the millions digit of 2114785460?
4
What is the hundred millions digit of 1306675872?
3
What is the tens digit of 31727184?
8
What is the millions digit of 93771535?
3
What is the ten millions digit of 503807383?
0
What is the ten thousands digit of 64783017?
8
What is the units digit of 10051165?
5
What is the hundreds digit of 1072690978?
9
What is the thousands digit of 3752932417?
2
What is the tens digit of 15336137?
3
What is the tens digit of 366442912?
1
What is the ten millions digit of 25711114?
2
What is the ten millions digit of 20690824?
2
What is the ten millions digit of 47716438?
4
What is the millions digit of 58452775?
8
What is the millions digit of 185575388?
5
What is the hundred thousands digit of 97710404?
7
What is the ten millions digit of 718294977?
1
What is the hundred thousands digit of 69170195?
1
What is the ten millions digit of 66676339?
6
What is the ten millions digit of 342905729?
4
What is the tens digit of 348572179?
7
What is the ten millions digit of 791687698?
9
What is the hundreds digit of 62363897?
8
What is the hundreds digit of 1669348199?
1
What is the thousands digit of 77612344?
2
What is the ten thousands digit of 1023494361?
9
What is the hundred thousands digit of 5629940